de 31089?
False
Does 21 divide 1886?
False
Is 11 a factor of 1241?
False
Is 37 a factor of 370?
True
Is 1190 a multiple of 14?
True
Does 41 divide 852?
False
Is 5 a factor of 983?
False
Is 104880 a multiple of 240?
True
Does 17 divide 1258?
True
Does 13 divide 81?
False
Is 16 a multiple of 3?
False
Does 64 divide 26644?
False
Is 20 a factor of 3553?
False
Is 10 a factor of 2050?
True
Is 67 a factor of 4757?
True
Is 77 a multiple of 5?
False
Is 12 a factor of 40044?
True
Does 26 divide 6448?
True
Is 35 a factor of 1792?
False
Is 392 a multiple of 13?
False
Does 66 divide 39930?
True
Is 5 a factor of 180?
True
Does 9 divide 9524?
False
Does 156 divide 3588?
True
Is 906 a multiple of 15?
False
Does 49 divide 4802?
True
Is 4275 a multiple of 5?
True
Is 12995 a multiple of 115?
True
Does 11 divide 3982?
True
Does 8 divide 645?
False
Is 12 a factor of 720?
True
Is 95 a factor of 5605?
True
Does 8 divide 304?
True
Is 226 a multiple of 2?
True
Is 11 a factor of 218?
False
Is 1985 a multiple of 87?
False
Does 14 divide 112?
True
Is 1174 a multiple of 5?
False
Is 27 a factor of 469?
False
Is 44122 a multiple of 26?
True
Is 72 a factor of 38016?
True
Is 15 a factor of 14135?
False
Is 34 a factor of 6596?
True
Is 239 a factor of 49703?
False
Is 5 a factor of 1960?
True
Does 12 divide 4482?
False
Is 7 a factor of 889?
True
Is 102 a factor of 1417?
False
Does 34 divide 238?
True
Is 19 a factor of 6462?
False
Is 145 a factor of 5800?
True
Is 88 a factor of 1386?
False
Is 6063 a multiple of 141?
True
Is 931 a multiple of 19?
True
Does 10 divide 580?
True
Is 17 a factor of 671?
False
Is 340 a multiple of 22?
False
Is 10 a factor of 7150?
True
Is 55 a factor of 5720?
True
Is 21 a factor of 2877?
True
Is 2210 a multiple of 97?
False
Is 1246 a multiple of 14?
True
Is 338 a factor of 38815?
False
Is 57 a factor of 912?
True
Is 28 a factor of 7678?
False
Is 1670 a multiple of 31?
False
Is 12 a factor of 444?
True
Is 10 a factor of 127430?
True
Does 3 divide 43?
False
Is 7645 a multiple of 12?
False
Is 2359 a multiple of 2?
False
Does 103 divide 12669?
True
Does 15 divide 13029?
False
Is 17120 a multiple of 15?
False
Is 6515 a multiple of 257?
False
Is 3738 a multiple of 21?
True
Does 13 divide 17292?
False
Is 2310 a multiple of 42?
True
Is 1980 a multiple of 30?
True
Is 28 a factor of 840?
True
Does 15 divide 1857?
False
Is 74654 a multiple of 42?
False
Is 8 a factor of 376?
True
Is 16 a multiple of 4?
True
Does 12 divide 1885?
False
Does 75 divide 75?
True
Does 13 divide 128?
False
Does 61 divide 643?
False
Is 22 a factor of 1590?
False
Is 154 a factor of 20438?
False
Is 66 a factor of 1980?
True
Does 46 divide 2346?
True
Is 47936 a multiple of 24?
False
Is 20 a factor of 2480?
True
Does 54 divide 1340?
False
Is 9 a factor of 10818?
True
Is 39576 a multiple of 34?
True
Is 115 a factor of 920?
True
Does 41 divide 3382?
False
Is 100840 a multiple of 20?
True
Is 83 a factor of 1978?
False
Is 33079 a multiple of 19?
True
Does 19 divide 3762?
True
Is 30 a factor of 540?
True
Is 26688 a multiple of 139?
True
Does 3 divide 797?
False
Is 1487 a multiple of 37?
False
Is 45372 a multiple of 22?
False
Does 22 divide 2508?
True
Is 23 a factor of 206?
False
Does 45 divide 2976?
False
Is 18 a factor of 432?
True
Does 130 divide 1708?
False
Does 2 divide 15?
False
Does 66 divide 5513?
False
Does 193 divide 53665?
False
Does 3 divide 99?
True
Is 19 a factor of 55632?
True
Is 1001 a multiple of 2?
False
Is 30 a factor of 1190?
False
Is 13 a factor of 2041?
True
Is 6 a factor of 26?
False
Is 3 a factor of 780?
True
Is 15 a factor of 739?
False
Is 4199 a multiple of 221?
True
Is 13 a factor of 702?
True
Is 26650 a multiple of 96?
False
Is 4 a factor of 1117?
False
Is 4352 a multiple of 64?
True
Is 33041 a multiple of 11?
False
Is 5489 a multiple of 112?
False
Is 3100 a multiple of 62?
True
Does 12 divide 19025?
False
Is 43 a factor of 3448?
False
Is 496 a multiple of 6?
False
Is 18 a factor of 15771?
False
Is 191 a multiple of 14?
False
Is 5 a factor of 47?
False
Is 16734 a multiple of 18?
False
Is 42 a factor of 1134?
True
Does 55 divide 28747?
False
Does 14 divide 4872?
True
Is 30 a factor of 235?
False
Does 16 divide 45866?
False
Is 10746 a multiple of 27?
True
Is 21 a factor of 1764?
True
Is 75350 a multiple of 22?
True
Does 32 divide 659?
False
Is 2573 a multiple of 10?
False
Is 168 a factor of 27888?
True
Is 72 a factor of 6224?
False
Is 20 a factor of 220?
True
Is 540 a multiple of 3?
True
Does 20 divide 401?
False
Is 13 a factor of 43836?
True
Does 20 divide 35964?
False
Does 18 divide 288?
True
Does 4 divide 1352?
True
Is 775 a multiple of 31?
True
Does 117 divide 10179?
True
Is 124 a factor of 12896?
True
Does 64 divide 3840?
True
Is 4589 a multiple of 42?
False
Is 12947 a multiple of 10?
False
Is 6 a factor of 518?
False
Is 4935 a multiple of 16?
False
Is 35 a factor of 4986?
False
Does 33 divide 12377?
False
Is 6 a factor of 3956?
False
Is 2 a factor of 48?
True
Is 6 a factor of 536?
False
Is 16 a factor of 80?
True
Does 7 divide 6339?
False
Is 37001 a multiple of 41?
False
Does 142 divide 3186?
False
Is 505 a multiple of 22?
False
Does 19 divide 456?
True
Is 258 a multiple of 31?
False
Does 96 divide 9347?
False
Is 29 a factor of 377?
True
Is 68 a factor of 50932?
True
Is 880 a multiple of 88?
True
Is 110 a factor of 1154?
False
Does 2 divide 300?
True
Is 900 a multiple of 30?
True
Is 192 a multiple of 31?
False
Is 44620 a multiple of 20?
True
Is 249 a factor of 53535?
True
Is 44 a factor of 1523?
False
Is 52 a factor of 239?
False
Is 958 a multiple of 5?
False
Does 77 divide 77?
True
Does 25 divide 7200?
True
Is 13 a factor of 1356?
False
Is 3341 a multiple of 17?
False
Is 739 a multiple of 8?
False
Is 4 a factor of 330?
False
Does 51 divide 2597?
False
Does 53 divide 18963?
False
Is 9 a factor of 882?
True
Is 31813 a multiple of 9?
False
Is 9282 a multiple of 71?
False
Does 288 divide 22752?
True
Does 10 divide 707?
False
Is 18 a factor of 2592?
True
Is 902 a multiple of 82?
True
Is 3312 a multiple of 23?
True
Is 4245 a multiple of 15?
True
Is 6880 a multiple of 16?
True
Is 8160 a multiple of 51?
True
Does 118 divide 2832?
True
Is 4 a factor of 299?
False
Is 115 a factor of 7750?
False
Does 36 divide 4248?
True
Is 7594 a multiple of 69?
False
Does 80 divide 880?
True
Is 441 a multiple of 44?
False
Is 16 a factor of 2935?
False
Is 1486 a multiple of 8?
False
Does 36 divide 1584?
True
Is 540 a multiple of 20?
True
Is 29 a factor of 12022?
False
Does 13 divide 546?
True
Is 16056 a multiple of 12?
True
Does 39 divide 702?
True
Is 12376 a multiple of 13?
True
Is 5 a factor of 842?
False
Does 19 divide 902?
False
Is 12 a factor of 13741?
False
Is 2 a multiple of 2?
True
Is 59 a factor of 885?
True
Is 82 a factor of 4458?
False
Is 702 a multiple of 13?
True
Does 21 divide 716?
False
Is 323 a multiple of 17?
True
Does 7 divide 3836?
True
Does 15 divide 7571?
False
Is 5022 a multiple of 18?
True
Does 4 divide 800?
True
Is 181 a multiple of 2?
False
Is 9044 a multiple of 15?
False
Is 9 a factor of 525?
False
Is 1365 a multiple of 65?
True
Does 24 divide 1248?
True
Is 14 a factor of 2317?
False
Is 33 a factor of 3927?
True
Does 42 divide 4277?
False
Is 146 a multiple of 73?
True
Does 10 divide 25792?
False
Is 5563 a multiple of 26?
False
Is 32 a factor of 1548?
False
Does 35 divide 2495?
False
Is 3240 a multiple of 12?
True
Is 97 a factor of 62759?
True
Is 1596 a multiple of 14?
True
Does 6 divide 2021?
False
Is 1890 a multiple of 63?
True
Is 6 a factor of 13?
False
Does 46 divide 2319?
False
Is 22 a multiple of 2?
True
Does 23 divide 10666?
False
Does 29 divide 23569?
False
Does 5 divide 890?
True
Does 162 divide 62419?
False
Is 17136 a multiple of 16?
True
Is 14 a factor of 2172?
False
Is 1694 a multiple of 22?
True
Is 93 a multiple of 8?
False
Is 252 a multiple of 14?
True
Is 13 a factor of 1197?
False
Does 12 divide 10902?
False
Does 113 divide 33215?
False
Is 2514 a multiple of 20?
False
Is 38 a factor of 1558?
True
Is 2011 a multiple of 14?
False
Does 53 divide 4157?
False
Is 220 a multiple of 11?
True
Does 152 divide 208?
False
Is 155 a factor of 7285?
True
Does 8 divide 2453?
False
Does 103 divide 842?
False
Is 155 a factor of 22785?
True
Does 51 divide 11205?
False